ose t - 5*x - 324 = -258, 470 = 5*t + 3*x. What is the highest common divisor of 13793 and t?
13
Let v = -30 + 65. Let c = -7 + 32. Let h = 32 - c. Calculate the highest common divisor of h and v.
7
Suppose 2*f = l + 4962, -4*f + 4306 = -3*l - 5622. What is the highest common divisor of f and 259?
37
Let c be -2 + (0/(-3) - (-5 + -20)). Suppose -10 = c*v - 24*v. Calculate the highest common divisor of v and 54.
2
Let z(v) = -128*v + 3755. Let h be z(28). What is the greatest common factor of 209 and h?
19
Suppose -15*k + 429 = 369. Calculate the highest common factor of 2476 and k.
4
Let t = 4796 + -4724. What is the greatest common factor of 1476 and t?
36
Let b = 507 - 335. Suppose 22 = -5*r + b. Calculate the highest common factor of 20 and r.
10
Let o = 10803 - 10728. Calculate the highest common factor of 3255 and o.
15
Let q = -5155 + 5307. Calculate the highest common divisor of q and 1007.
19
Suppose 5*y - 2*v + 1243 = 0, 3*y + 6*v - v + 721 = 0. Let x = -229 - y. What is the highest common divisor of x and 42?
6
Suppose 263 = 2*k + 5*b, 86 + 510 = 4*k - 4*b. Suppose -5*o = -3*q - 51, 7 = o + 3*q - 2*q. What is the highest common divisor of k and o?
9
Let l(a) = a**3 + 16*a**2 - 227*a - 26. Let n be l(-25). Calculate the highest common divisor of 516 and n.
12
Let w(i) = -2*i + 52. Let f(t) = 2*t - 27. Let q(y) = 5*f(y) + 3*w(y). Let u be q(33). What is the highest common factor of u and 18?
9
Let f be 8 + (-2)/4*138*(-2155)/5. Calculate the greatest common divisor of f and 197.
197
Let w(b) = -321*b - 1773. Let d be w(-10). What is the greatest common divisor of 3 and d?
3
Let i = -110 - -224. Suppose -3*j + 6*j - i = 0. Calculate the highest common factor of 209 and j.
19
Let b be 352/32 - ((0 - 1) + 2). Suppose -6*c + 5760 = b*c. Calculate the highest common divisor of 36 and c.
36
Let g be (0 + (-555)/9)/(7/(-84)*4). Let v = 384 + -236. Calculate the greatest common factor of g and v.
37
Let p = 64 + -121. Let t = 64 + p. Let b be (3 - t) + 40/5. Calculate the highest common divisor of 36 and b.
4
Let x be 20 + -22 + (0 - -49). Let w = 55 + x. What is the greatest common factor of 6 and w?
6
Suppose 0 = -4*p - 5*o + 343, -o + 1 + 2 = 0. Suppose -k = -3*r - p - 29, -r = 4. What is the greatest common factor of k and 66?
33
Let x(u) = u**3 + 37*u**2 - 57*u - 681. Let z be x(-38). Calculate the greatest common factor of z and 9881.
41
Let t be (-35)/(-14) + (-1)/(-2). Let r be (6 - -1)*(0 - -11 - -1). Let h be (1/2)/(t/r). Calculate the greatest common divisor of h and 56.
14
Let n be 3 + (-12606)/(-75) - (-2)/(-25). What is the highest common divisor of 2187 and n?
9
Let z be -1 - 488/(-1) - (2 + 1). Suppose -17*x + 830 = -12*x - 2*s, 3*x - z = 4*s. What is the greatest common divisor of 21 and x?
21
Let x(n) = 7*n**2 + 15*n + 62. Suppose 3*b + 4*m = 2, -m = b + m - 4. Let q be x(b). Calculate the greatest common factor of 14 and q.
14
Let k = -127 - -118. Let y be (-44)/(-8) + k/6. Let v(i) = -i**2 + 5*i + 4. Let g be v(5). Calculate the greatest common factor of g and y.
4
Let b = 12 + 9. Let m = -51 + 49. Let n = m + 5. Calculate the greatest common divisor of b and n.
3
Let y(i) = i**3 - 4*i**2 - 8*i + 7. Let q be y(5). Let u be (q + 506/(-33))/((-4)/6). Calculate the highest common factor of u and 35.
35
Let q(s) = -57 + 3*s**2 + 2*s**3 + 28 - 4*s + 32. Let n be q(1). Let m = -13 - -29. What is the highest common divisor of n and m?
4
Let a(x) = -x + 2. Let d be a(1). Suppose 0 = k - 2*v + 16, -47 = 91*k - 86*k + v. Let b be ((-9)/2)/(d/k). Calculate the greatest common factor of b and 27.
9
Let x = 263252 - 263204. Suppose -3*m + 62 = -0*d - d, 0 = -4*m - 3*d + 74. Let k = 32 - m. What is the greatest common divisor of x and k?
12
Let n(i) be the first derivative of 5 + 7/3*i**3 + 15*i - 4*i**2 - 1/4*i**4. Let p be n(6). Calculate the highest common divisor of p and 1.
1
Let j be (6218 - 4)*(6/12)/(0 - -1). What is the highest common divisor of j and 39?
13
Let y = -2288 + 5006. What is the highest common factor of 36 and y?
18
Suppose -1091 = -3*q - z, 4*q - 9*q - 4*z = -1816. Let k = -294 + q. What is the highest common divisor of k and 56?
14
Let t be 2/4 - 140/(-8). Let q be (-92)/(-5) - 68/170. Calculate the highest common factor of t and q.
18
Suppose 0*s - 16*s = 3*s - 627. What is the greatest common factor of s and 22671?
33
Let c(w) = w**2 + 22*w - 135. Let f be c(-27). Suppose f = -26*h + 2*h + 96. What is the greatest common factor of 14 and h?
2
Let i(h) = -h**3 - 25*h**2 - 107*h - 60. Let f be i(-20). Calculate the highest common divisor of 2010 and f.
10
Let q = -537 - -1068. Suppose 492 = 123*l - 119*l + 5*c, -2*c = -8. What is the greatest common divisor of l and q?
59
Suppose -3*i + 43 = 34. Calculate the greatest common divisor of i and 48.
3
Let x = -9709 + 10911. Calculate the greatest common divisor of x and 2.
2
Let l be (-2)/12 + 2454/(-108)*-3. What is the highest common factor of l and 22508?
68
Let g = 187 + -185. Let c(w) = 11*w - 32. Let a be c(12). Calculate the highest common factor of g and a.
2
Suppose -20*u + 19*u - 3*t + 18831 = 0, 3*t = 2*u - 37599. Calculate the highest common factor of 198 and u.
198
Let g be (4635/(-2))/(76/(-152)). What is the greatest common factor of 90 and g?
45
Suppose 5*m - 5*y = 1300, 5*m + 3*y + 254 - 1586 = 0. Calculate the highest common divisor of 5632 and m.
88
Suppose 18 = 3*j - 2*x, 2*x + 14 = 7*j - 5*j. Suppose 18 = 2*s - j*h, -3*s = -s + 3*h - 4. Calculate the greatest common factor of s and 40.
5
Suppose 5*l = 3*o - 217, -2*o + 4*o + l - 175 = 0. What is the highest common divisor of 987 and o?
21
Let p(u) = u**3 - u**2 + 5*u - 4. Let s be p(4). Suppose 691*b + 1080 = 736*b. Calculate the greatest common divisor of s and b.
8
Let d = -103 - -85. Let s be 39/d*-100 + 15/(-9). Calculate the highest common factor of s and 129.
43
Let p(y) = -y**3 - 4*y**2 + 9*y + 4. Suppose -5*u - 30 = -0*u. Let l be p(u). Calculate the greatest common divisor of 374 and l.
22
Let y be (220/50)/((-2)/(-20)). Let f = y - 23. Suppose 4*h - 3*n = n + 84, -4*n - f = -h. Calculate the highest common factor of h and 231.
21
Let s(d) = -202*d + 4310. Let a be s(20). What is the greatest common divisor of 960 and a?
30
Suppose 27*c - 44*c + 17 = 0. Let u be (126 - -3) + c + 6. What is the highest common divisor of 34 and u?
34
Let v(z) = 6 + 6*z - 13*z + 8*z + 8*z. Suppose 2*h = 4*h - 6. Let b be v(h). What is the greatest common divisor of 22 and b?
11
Let t = -1923 - -2100. What is the greatest common factor of 2006 and t?
59
Let w be -5*(-3 + 8/5). Let p = 156 - 81. Let j = p + -26. What is the highest common factor of w and j?
7
Suppose 51 = 5*f - 2*m, -3*f + 12 = -2*f - m. Suppose 0 = -f*y + 831 - 3. Calculate the highest common factor of 69 and y.
23
Let r be 60 + (-4 - -2 - -2). Let m be -5 + (-3 + 4)/1. Let x be (8/6)/(m/6)*-10. Calculate the greatest common factor of r and x.
20
Let d(f) = 3*f - 20. Let z be d(13). Suppose 0 = -j + 4*j - 2*a - z, 3*a = -3*j + 39. Suppose 2*o = j*o - 378. Calculate the highest common divisor of o and 72.
18
Suppose 1118 = 2*p - 2*r, -67 = 3*p + 4*r - 1737. Calculate the greatest common divisor of p and 1302.
186
Suppose 13*k = 300 + 935. Let v be (-152)/k*(-4 + -1). Calculate the highest common factor of 296 and v.
8
Suppose -3*h = -h + 5*m - 24, 2*m - 36 = -3*h. Suppose 13*v - 1 = h*v. Let j be (1 + v)/((-8)/(-24)). What is the greatest common divisor of 12 and j?
6
Let h(x) = -4*x**2 + 22*x - 187. Let q(f) = 3*f**2 - 21*f + 187. Let d(r) = -4*h(r) - 5*q(r). Let y be d(13). What is the highest common divisor of 116 and y?
29
Let p = -2884 + 2904. Let m be 15/2*(-8)/(-5). Suppose x + 2*x = m. What is the highest common factor of p and x?
4
Suppose 0 = 4*t + 2*k - 6, -t - 4*k = -3*k. Suppose -t*s + 144 = -s. Let m = -26951 + 26960. Calculate the greatest common divisor of s and m.
9
Suppose 5*t - 57 = 2*z, -3*z + 4*t - 32 = 43. Let v = 24 + z. Suppose s = 13 - v. Calculate the highest common factor of 90 and s.
10
Let d be 5/(-3) + (-328)/(-24). Suppose d = 3*q, 2*v - 2236 = -5*q + 6*q. What is the highest common factor of 35 and v?
35
Let j(k) = 84*k**2 + 9*k + 1. Let o(v) = v**3 - 25*v**2 - 23*v - 79. Let r be o(26). Let h be j(r). Calc